s 376 divide 8978880?
True
Is 10297 a multiple of 10?
False
Is 13 a factor of 25955?
False
Does 57 divide 82764?
True
Is 13 a factor of 15046?
False
Is 1309670 a multiple of 38?
True
Is 641206 a multiple of 390?
False
Is 685404 a multiple of 79?
True
Is 2098687 a multiple of 262?
False
Is 132 a factor of 1581756?
True
Does 39 divide 43914?
True
Does 10 divide 12301910?
True
Is 84 a factor of 18144?
True
Is 65205 a multiple of 115?
True
Is 88 a factor of 1819576?
True
Is 6334 a multiple of 7?
False
Does 70 divide 531930?
True
Is 511448 a multiple of 56?
True
Does 408 divide 10177?
False
Is 78 a factor of 197763?
False
Is 5 a factor of 315819?
False
Is 64 a factor of 256307?
False
Is 1655454 a multiple of 222?
True
Is 289 a factor of 1113806?
True
Is 964 a factor of 925440?
True
Is 64350 a multiple of 18?
True
Is 10243420 a multiple of 922?
True
Does 5 divide 378736?
False
Is 113267 a multiple of 7?
True
Does 143 divide 7138417?
True
Is 36 a factor of 535716?
True
Is 6 a factor of 181752?
True
Is 436639 a multiple of 2?
False
Is 75 a factor of 1160775?
True
Is 1224083 a multiple of 65?
False
Does 115 divide 3565?
True
Is 42 a factor of 34523?
False
Is 124 a factor of 309752?
True
Is 1117949 a multiple of 55?
False
Is 530376 a multiple of 28?
True
Is 101 a factor of 194122?
True
Does 489 divide 94377?
True
Does 63 divide 94789?
False
Is 8 a factor of 353838?
False
Does 541 divide 872635?
False
Is 3 a factor of 2474087?
False
Is 88 a factor of 169664?
True
Is 11806662 a multiple of 21?
True
Is 35 a factor of 1925700?
True
Is 37 a factor of 271728?
True
Does 347 divide 31117?
False
Is 5 a factor of 261380?
True
Is 1761293 a multiple of 770?
False
Is 57 a factor of 203832?
True
Is 832448 a multiple of 482?
False
Is 1949 a factor of 4534593?
False
Is 101352 a multiple of 412?
True
Is 9 a factor of 4491?
True
Is 7 a factor of 1894739?
True
Is 30 a factor of 49530?
True
Does 6 divide 84558?
True
Is 170300 a multiple of 20?
True
Is 174 a factor of 26188?
False
Is 31477 a multiple of 9?
False
Does 4 divide 427892?
True
Is 9969786 a multiple of 18?
True
Is 13 a factor of 9748460?
False
Is 17 a factor of 23484613?
False
Does 25 divide 3643240?
False
Does 10 divide 3723644?
False
Is 115 a factor of 2047690?
True
Does 68 divide 896994?
False
Does 93 divide 364157?
False
Is 60 a factor of 872607?
False
Does 38 divide 4468116?
True
Does 51 divide 1392470?
False
Is 7342842 a multiple of 39?
True
Is 159 a factor of 131970?
True
Is 89 a factor of 2177919?
True
Does 33 divide 54962?
False
Does 13 divide 3333558?
False
Is 9 a factor of 36329?
False
Is 284544 a multiple of 18?
True
Is 185 a factor of 340739?
False
Does 9 divide 3079632?
False
Does 26 divide 26349?
False
Does 45 divide 5683?
False
Does 12 divide 22440?
True
Is 1284822 a multiple of 567?
True
Is 18 a factor of 68472?
True
Is 403 a factor of 710489?
True
Is 302 a factor of 1281688?
True
Does 97 divide 37636?
True
Is 56 a factor of 165668?
False
Is 3 a factor of 2098113?
True
Is 8 a factor of 3161883?
False
Does 378 divide 1039273?
False
Does 39 divide 57498?
False
Is 1841424 a multiple of 39?
True
Is 671 a factor of 19066267?
False
Does 55 divide 66306?
False
Is 7 a factor of 74578?
True
Is 3223 even?
False
Is 63 a factor of 356779?
False
Is 7715281 a multiple of 173?
True
Is 23 a factor of 5238135?
True
Is 88 a factor of 104632?
True
Does 8 divide 588768?
True
Is 855 a multiple of 2?
False
Is 22154 a multiple of 19?
True
Is 23850483 a multiple of 16?
False
Is 509071 a multiple of 314?
False
Is 743757 a multiple of 447?
False
Is 421 a factor of 4817251?
False
Is 481 a factor of 1162096?
True
Is 54750 a multiple of 10?
True
Is 8 a factor of 5324176?
True
Is 2296434 a multiple of 217?
False
Is 75885 a multiple of 3?
True
Is 729600 a multiple of 304?
True
Is 13898666 a multiple of 23?
False
Is 813926 a multiple of 23?
False
Does 7 divide 911856?
False
Is 22503 a multiple of 39?
True
Is 13941688 a multiple of 44?
False
Does 36 divide 23904?
True
Does 936 divide 74880?
True
Does 25 divide 139558?
False
Is 317 a factor of 7925?
True
Does 3 divide 107664?
True
Is 1377677 a multiple of 40?
False
Is 247 a factor of 2565342?
True
Is 490 a factor of 6784210?
False
Does 706 divide 701161?
False
Is 11 a factor of 213964?
False
Is 4228755 a multiple of 466?
False
Is 17 a factor of 10943?
False
Does 166 divide 992426?
False
Does 22 divide 3220162?
True
Is 28707 a multiple of 5?
False
Does 36 divide 27868?
False
Is 518829 a multiple of 7?
False
Does 168 divide 3200841?
False
Is 12633620 a multiple of 20?
True
Is 1052 a factor of 531140?
False
Is 8402200 a multiple of 43?
True
Is 284 a factor of 4707016?
True
Is 5 a factor of 276285?
True
Does 157 divide 791912?
False
Is 11 a factor of 707558?
False
Is 182 a factor of 9061826?
False
Does 16 divide 15992336?
True
Does 195 divide 12854790?
True
Does 6 divide 22836?
True
Is 197 a factor of 413897?
True
Does 69 divide 171948?
True
Is 7 a factor of 51079?
True
Is 1632092 a multiple of 77?
True
Is 101287 a multiple of 14?
False
Is 110 a factor of 669570?
True
Is 279 a factor of 5310486?
True
Is 192882 a multiple of 31?
True
Is 8359731 a multiple of 645?
False
Is 57 a factor of 3474720?
True
Does 256 divide 7243535?
False
Does 9 divide 54900?
True
Does 2 divide 7828?
True
Is 14 a factor of 314010?
False
Is 10373 a multiple of 64?
False
Is 3 a factor of 327684?
True
Is 2026806 a multiple of 496?
False
Is 73 a factor of 750843?
False
Does 14 divide 13048?
True
Does 6 divide 202584?
True
Is 77727 a multiple of 13?
True
Is 105 a factor of 24051?
False
Is 41 a factor of 54706?
False
Is 7 a factor of 53039?
True
Does 20 divide 461500?
True
Does 32 divide 9504?
True
Is 32787 a multiple of 8?
False
Is 3957543 a multiple of 261?
True
Is 2 a factor of 230321?
False
Is 4 a factor of 430392?
True
Is 16526 a multiple of 14?
False
Is 31 a factor of 1402949?
False
Is 12427833 a multiple of 141?
False
Does 859 divide 8279901?
True
Does 665 divide 1289568?
False
Is 43 a factor of 3212057?
True
Is 778752 a multiple of 18?
True
Does 104 divide 526283?
False
Is 180 a factor of 3634630?
False
Is 34990 a multiple of 54?
False
Is 821061 a multiple of 790?
False
Does 52 divide 2210002?
False
Is 565707 a multiple of 807?
True
Is 5109563 a multiple of 83?
True
Does 3 divide 78803?
False
Is 6846592 a multiple of 128?
True
Does 118 divide 96760?
True
Is 15 a factor of 2205258?
False
Is 16 a factor of 272838?
False
Does 101 divide 254318?
True
Is 5447949 a multiple of 13?
True
Is 8756277 a multiple of 219?
True
Does 326 divide 3586?
True
Is 62 a factor of 1246168?
False
Does 17 divide 2039609?
True
Is 149240 a multiple of 130?
True
Does 21 divide 173733?
True
Is 30 a factor of 3258270?
True
Does 29 divide 14181?
True
Does 23 divide 35624975?
False
Is 493337 a multiple of 137?
True
Is 4687146 a multiple of 18?
True
Does 23 divide 159687?
False
Is 250 a factor of 1757742?
False
Does 116 divide 28180?
False
Is 934780 a multiple of 385?
True
Is 839 a factor of 789953?
False
Is 3690880 a multiple of 470?
False
Is 203 a factor of 758408?
True
Is 18887640 a multiple of 32?
False
Does 321 divide 3506289?
False
Is 120344 a multiple of 4?
True
Is 18971044 a multiple of 1748?
True
Is 510 a factor of 203640?
False
Is 729006 a multiple of 22?
False
Is 7 a factor of 71981?
True
Does 81 divide 24867?
True
Is 155682 a multiple of 290?
False
Is 8172138 a multiple of 573?
False
Does 224 divide 135871?
False
Is 35 a factor of 152411?
False
Is 164331 a multiple of 57?
True
Is 29546 a multiple of 158?
True
Does 269 divide 549640?
False
Does 26 divide 133822?
True
Is 1647499 a multiple of 37?
True
Is 544176 a multiple of 16?
True
Is 165166 a multiple of 24?
False
Is 2964112 a multiple of 185?
False
Is 451980 a multiple of 11?
False
Is 1594 a factor of 7938120?
True
Does 35 divide 760969?
False
Does 77 divide 47857?
False
Does 712 divide 602076?
False
Is 425967 a multiple of 619?
False
Does 663 divide 12918950?
False
Is 580566 a multiple of 161?
True
Is 36 a factor of 906264?
True
Is 228568 a multiple of 219?
False
Is 1014456 a multiple of 441?
False
Is 253923 a multiple of 405?
False
Is 584430 a multiple of 30?
True
Is 247624 even?
True
Does 2003 divide 4004258?
False
Does 60 divide 74340?
True
Is 28 a factor of 135393?
